s the ten millions digit of 82389286?
8
What is the millions digit of 200877576?
0
What is the ten millions digit of 615138162?
1
What is the millions digit of 194265333?
4
What is the ten millions digit of 261930718?
6
What is the hundreds digit of 3095622699?
6
What is the hundred thousands digit of 4678472?
6
What is the hundred millions digit of 777688624?
7
What is the ten millions digit of 241791549?
4
What is the hundreds digit of 15448913?
9
What is the hundreds digit of 86953855?
8
What is the units digit of 3531288859?
9
What is the hundred thousands digit of 68872139?
8
What is the ten thousands digit of 58403158?
0
What is the hundreds digit of 93459293?
2
What is the ten millions digit of 131327638?
3
What is the units digit of 291959242?
2
What is the thousands digit of 889622706?
2
What is the tens digit of 98736160?
6
What is the ten millions digit of 1472018338?
7
What is the hundreds digit of 246030305?
3
What is the units digit of 8434625324?
4
What is the ten thousands digit of 57186896?
8
What is the thousands digit of 73417165?
7
What is the ten thousands digit of 4009153056?
5
What is the hundreds digit of 247513913?
9
What is the hundred millions digit of 109378544?
1
What is the thousands digit of 2788023193?
3
What is the ten thousands digit of 1739178925?
7
What is the ten millions digit of 69982048?
6
What is the ten millions digit of 714722143?
1
What is the ten millions digit of 55192237?
5
What is the ten thousands digit of 25561803?
6
What is the millions digit of 56405088?
6
What is the millions digit of 284432632?
4
What is the billions digit of 4504587872?
4
What is the millions digit of 24764937?
4
What is the tens digit of 29501711?
1
What is the hundred thousands digit of 127021308?
0
What is the hundreds digit of 40240712?
7
What is the tens digit of 1839410456?
5
What is the hundred millions digit of 300889803?
3
What is the tens digit of 227796514?
1
What is the ten millions digit of 23542630?
2
What is the tens digit of 447722336?
3
What is the ten millions digit of 664478526?
6
What is the units digit of 315334391?
1
What is the hundred thousands digit of 38127599?
1
What is the billions digit of 5896480037?
5
What is the millions digit of 38102501?
8
What is the units digit of 53287680?
0
What is the ten millions digit of 989565790?
8
What is the billions digit of 3566216973?
3
What is the millions digit of 34161527?
4
What is the units digit of 129611171?
1
What is the ten thousands digit of 2802274?
0
What is the thousands digit of 167053348?
3
What is the hundreds digit of 2098236202?
2
What is the hundreds digit of 480116189?
1
What is the units digit of 349377661?
1
What is the hundred thousands digit of 55477508?
4
What is the thousands digit of 1398255444?
5
What is the hundreds digit of 80444681?
6
What is the thousands digit of 41994109?
4
What is the ten millions digit of 21516204?
2
What is the hundreds digit of 222777840?
8
What is the hundred thousands digit of 162775364?
7
What is the ten millions digit of 67699531?
6
What is the millions digit of 20709819?
0
What is the ten thousands digit of 143264077?
6
What is the ten thousands digit of 7372447?
7
What is the hundred thousands digit of 7833684207?
6
What is the hundreds digit of 55361905?
9
What is the hundred millions digit of 286761846?
2
What is the hundred thousands digit of 31411562?
4
What is the units digit of 64059411?
1
What is the hundred millions digit of 350169365?
3
What is the millions digit of 3118867353?
8
What is the hundreds digit of 2154371710?
7
What is the ten millions digit of 31031268?
3
What is the tens digit of 91783742?
4
What is the ten thousands digit of 75720519?
2
What is the millions digit of 3003668207?
3
What is the millions digit of 1809897325?
9
What is the ten thousands digit of 29116385?
1
What is the units digit of 55908318?
8
What is the ten millions digit of 1683973728?
8
What is the tens digit of 1664302259?
5
What is the tens digit of 153836684?
8
What is the millions digit of 371231934?
1
What is the millions digit of 66844864?
6
What is the hundred millions digit of 4021922341?
0
What is the millions digit of 62380143?
2
What is the units digit of 419733004?
4
What is the hundreds digit of 775752082?
0
What is the ten thousands digit of 35720578?
2
What is the millions digit of 184686437?
4
What is the hundred millions digit of 393398001?
3
What is the tens digit of 86159362?
6
What is the millions digit of 37761141?
7
What is the units digit of 80995349?
9
What is the tens digit of 48157570?
7
What is the hundreds digit of 273293907?
9
What is the ten millions digit of 1848196776?
4
What is the ten millions digit of 59592822?
5
What is the ten thousands digit of 43862194?
6
What is the ten thousands digit of 22272126?
7
What is the hundred thousands digit of 7703870898?
8
What is the ten millions digit of 4395914803?
9
What is the ten millions digit of 48295351?
4
What is the hundred thousands digit of 296598907?
5
What is the thousands digit of 861885444?
5
What is the millions digit of 4431601614?
1
What is the hundreds digit of 5095772515?
5
What is the tens digit of 1670396243?
4
What is the units digit of 47369303?
3
What is the thousands digit of 68914114?
4
What is the millions digit of 310366670?
0
What is the tens digit of 50810671?
7
What is the ten thousands digit of 59971465?
7
What is the hundreds digit of 8304936?
9
What is the hundred thousands digit of 228194784?
1
What is the millions digit of 592096613?
2
What is the millions digit of 62449907?
2
What is the tens digit of 681410649?
4
What is the ten thousands digit of 1702833921?
3
What is the units digit of 3314743361?
1
What is the millions digit of 1190512120?
0
What is the billions digit of 1308062875?
1
What is the millions digit of 49400551?
9
What is the units digit of 1438166199?
9
What is the hundreds digit of 1155890?
8
What is the tens digit of 618127540?
4
What is the hundred thousands digit of 4978852?
9
What is the hundred thousands digit of 709605659?
6
What is the ten thousands digit of 83039269?
3
What is the units digit of 116822521?
1
What is the hundred thousands digit of 606393960?
3
What is the ten millions digit of 105504828?
0
What is the ten thousands digit of 1732386324?
8
What is the ten thousands digit of 4034509432?
0
What is the units digit of 18310477?
7
What is the millions digit of 3950930736?
0
What is the units digit of 48539166?
6
What is the hundred millions digit of 160498597?
1
What is the thousands digit of 735489572?
9
What is the units digit of 77733184?
4
What is the ten thousands digit of 137374182?
7
What is the hundred thousands digit of 15488167?
4
What is the ten thousands digit of 1670682801?
8
What is the hundreds digit of 85949969?
9
What is the hundred thousands digit of 3930659733?
6
What is the ten thousands digit of 5361133568?
3
What is the hundred millions digit of 382339260?
3
What is the hundred millions digit of 1757968950?
7
What is the ten thousands digit of 281599647?
9
What is the hundred thousands digit of 39502553?
5
What is the units digit of 42492197?
7
What is the tens digit of 6166923077?
7
What is the tens digit of 89126391?
9
What is the hundred millions digit of 2896202937?
8
What is the ten thousands digit of 987605273?
0
What is the ten millions digit of 51952419?
5
What is the units digit of 183179961?
1
What is the ten millions digit of 926180387?
2
What is the ten millions digit of 122874914?
2
What is the hundreds digit of 49703900?
9
What is the hundreds digit of 566111009?
0
What is the tens digit of 8904961?
6
What is the billions digit of 1039651865?
1
What is the billions digit of 1312445731?
1
What is the ten millions digit of 3727353315?
2
What is the hundred millions digit of 1276647383?
2
What is the hundred thousands digit of 26898816?
8
What is the ten millions digit of 40315771?
4
What is the hundred millions digit of 245377888?
2
What is the ten thousands digit of 172486925?
8
What is the millions digit of 1325848936?
5
What is the tens digit of 240912678?
7
What is the hundred millions digit of 3078045569?
0
What is the ten thousands digit of 38979589?
7
What is the thousands digit of 107179729?
9
What is the millions digit